prime number?
True
Is (38/6 + -3)*(-104379)/(-55) a prime number?
False
Let k = 692 - -1868. Let j = 4575 - k. Suppose -1999 = -3*h + 5*b, -b = h - 4*h + j. Is h composite?
False
Let z = -147 + 482. Is z prime?
False
Is 6428 + -2*21/6 a prime number?
True
Suppose 704 = 15*n - 211. Suppose 3739 - n = 3*o. Is o a prime number?
False
Is 14911/9 + 180/81 + -2 prime?
True
Let t be (5/20)/(2/14312). Let j = -596 + t. Suppose j = 4*w - 2*d - 987, 2*w = -3*d + 1090. Is w a composite number?
True
Let h(c) be the second derivative of 24*c**3 - c**2/2 - 5*c. Is h(1) a prime number?
False
Let h = -115 + 115. Suppose h = 54*f - 51*f - 1203. Is f a prime number?
True
Let q = -17 - -21. Suppose 6 = 4*g - 0*z - z, 16 = 4*g + q*z. Suppose 10 = g*a - 32. Is a composite?
True
Suppose v - 274 = 2*r + 74, -3*v + 5*r = -1049. Suppose -2*i - 2*j = -1222, -2*i + j = -i - 619. Let m = i - v. Is m composite?
False
Let v(x) = -40*x**3 - 6*x**2 + 9*x + 5. Let w be v(3). Let s = w - -1893. Is s prime?
False
Let v = -76389 + 161996. Is v composite?
False
Is (-4 - (-90616)/32)*(6 + -2) prime?
True
Let z = -149 + -101. Let j = 891 + z. Is j a composite number?
False
Suppose 115*i + 2 = 116*i. Is (-1688)/(-8) + (i - 2) a composite number?
False
Let q be 367 - -11 - 1*2. Suppose -4*t - 3*a + q = t, 89 = t - 4*a. Is t composite?
True
Suppose 0 = -41*m + 53*m - 147144. Is m composite?
True
Let z(h) be the second derivative of h**6/120 - h**5/12 + h**4/6 - h**3/3 - 5*h**2/2 - 4*h. Let k(q) be the first derivative of z(q). Is k(6) a prime number?
False
Suppose 27787 = 4*k + l, -9567 = -k - l - 2621. Is k composite?
False
Let n be (-8)/(-3)*(-45)/(-10). Suppose -844 = -n*c + 8*c. Is c prime?
True
Let b(m) = 143*m**2 + 2*m - 2. Let h be b(3). Let g = -230 + h. Is g a composite number?
False
Let c(k) be the second derivative of -k**4/3 + 5*k**3/6 - 2*k**2 - k. Let t(m) be the first derivative of c(m). Is t(-4) a prime number?
True
Suppose 10 = 2*s + 2*y, -1 = -s + 5*y - 2*y. Suppose -2*a + q - s*q = -90, -5*a + 199 = q. Is a prime?
False
Let p(x) = 42 - 4*x + 2*x - 13. Let h be p(16). Is 261 - 4/(4 + h) composite?
False
Is 445342/8 + (-180)/(-144) a composite number?
True
Let k(o) = o**3 + 7*o**2 - 4*o + 13. Let f(y) = -y + 25. Let i be f(16). Is k(i) composite?
True
Suppose 6*j - 5*j = 30. Let h = 148 - j. Is h composite?
True
Let i = -24 + 28. Suppose 2164 = d - 5*l, d - i*l = -3*d + 8704. Is d prime?
True
Let l be 1217 + 7 + -5 + -4. Suppose 2*n + 4*f - 2422 = 0, n = -0*n + 2*f + l. Is n prime?
True
Suppose 3*m + 5*h - 11227 = 0, 4*m - 14976 = -0*m - 5*h. Is m prime?
False
Let j = -3496 + 8317. Suppose 4*b + 5*y = j, -3*b + 3602 = -9*y + 10*y. Is b prime?
False
Suppose -2 + 10 = -8*t. Let m(o) = o + 14. Let c be m(0). Let d = c + t. Is d a prime number?
True
Let a = 6250 - 1923. Is a a composite number?
False
Suppose -270 = -5*z + 320. Let i = -27 + z. Is i a prime number?
False
Let o be (-1 - -10)/(-1)*3. Let t = -82 - -41. Let a = o - t. Is a prime?
False
Suppose 0 = -2*c + 8, 0 = x - 0*x + 2*c - 13. Suppose -4*p = -i - 263, -53 - 307 = -5*p - x*i. Is p a prime number?
True
Let x be (-3 - -415)*(3 - 5). Let i = 407 - x. Suppose n - 4*n = 4*h - i, 3 = 3*n. Is h prime?
True
Let m(q) = -2*q - 14. Let x be m(0). Let i = x - -19. Suppose -267 + 3802 = i*c. Is c composite?
True
Let o(t) = -t**3 + 20. Let i be o(0). Let u = i + 191. Is u a prime number?
True
Suppose 5*c = 2*a - 1446, 2864 = 4*a - 2*c - c. Suppose 3*j - 1447 = -k - j, -5 = -j. Suppose -4*f + k = -a. Is f a prime number?
False
Suppose 2*o - 20125 = 3*l, o + 4*o + 5*l = 50300. Is o prime?
True
Is 2/(5/((-110920)/(-16))) a composite number?
True
Let t(c) = 223*c - 46. Is t(11) a prime number?
False
Let m(k) = 141*k - 9 + 115*k + 209*k. Let v be m(2). Suppose 4*t - 4523 = v. Is t composite?
False
Let t = 139 - 135. Suppose 2*w + w = 4*z - 5525, -3*z + t*w = -4142. Is z composite?
True
Let y(q) = -481*q**3 - 3*q**2 + 12*q + 41. Is y(-4) composite?
True
Let a(y) = -y**3 - y**2 - 19*y + 26447. Is a(0) a prime number?
False
Let o = -8 - -13. Let t = -2 + o. Is 264/5 - t/(-15) a composite number?
False
Let n(v) = 9*v**3 + 8*v**3 - v - 16*v**3 - 33 + 160. Is n(0) a prime number?
True
Let n = 1282 - -477. Is n a composite number?
False
Let d(c) = 34*c**2 - 8*c + 15. Let w be d(6). Suppose -18*r - w = -21*r. Is r prime?
True
Let r be (-2)/(-6) - (-1)/(-3). Suppose 3*y = 3, -3*g + 5*g + y - 467 = r. Is g a prime number?
True
Suppose -r + 1561 = -2*v, 3*r - 4676 = 10*v - 11*v. Is r composite?
False
Let q be (-6)/10 - (-108)/30. Suppose 0 = -h - 1, q*a - 2*h + 3*h - 866 = 0. Is a a composite number?
True
Is -6 - (35/70 + 1107/(-2)) prime?
True
Let a(g) = -g + 14. Let r be a(10). Let s be (5/2)/5*0. Suppose -30 - 106 = -4*c - 3*z, s = -c + r*z + 53. Is c a prime number?
True
Let q = -11 - -24. Suppose -q*l + 13665 = -8*l. Is l a prime number?
False
Let r(v) = 112049*v**2 - 9*v + 9. Is r(1) composite?
True
Suppose 54725 = 5*g - 3*a, a = 2*g - 18783 - 3106. Is g a prime number?
False
Let h(z) = -z - 1. Let i(p) = -39*p + 16. Let u(r) = -5*h(r) + i(r). Is u(-5) prime?
True
Let p(x) = -41*x - 71. Let m be p(13). Let u = m - -1985. Is u a composite number?
False
Suppose -45*q = -40*q - 36940. Let o = -571 + q. Is o a composite number?
True
Let q(h) = h**3 + 4*h**2 - 6*h + 3. Suppose 2*b - 3*b - 5 = 0. Let a be q(b). Suppose 0 = -a*w + 931 + 397. Is w prime?
False
Let h = 38 + -34. Suppose -179 = -3*z - 4*v, h*z - 4*v - 218 = v. Is z a prime number?
False
Let a = 47 + -25. Let r = 15 - a. Is (-2319)/r + 8/(-28) composite?
False
Suppose -3544 = -1813*o + 1805*o. Is o a composite number?
False
Let o = 39 - -288. Let u = -21 + 47. Let k = o - u. Is k prime?
False
Let r = -16289 - -22810. Is r prime?
True
Suppose 5*x + 0*x - 5*v = 40, -4*x + 30 = -5*v. Is 291*(-4)/x*(-25)/15 prime?
False
Let d(c) = 8*c**2 + 4*c + 0*c**3 + 1 + 5*c**3 + 0*c**3 - 4*c**3. Let k be (3/(-4))/(2/16). Is d(k) a prime number?
False
Let r = -1160 - -2262. Suppose 5*q = -15, -r = -o + 3*q + 345. Is o composite?
True
Suppose -25*r = -19*r - 55698. Is r a prime number?
True
Let d(z) = -82*z - 5. Suppose 5*u + 29 = -4*x - 0*x, -4*u - x = 21. Let i(k) = k**3 + 6*k**2 + 4*k - 7. Let l be i(u). Is d(l) a prime number?
False
Suppose 11*l - 29*l + 1170054 = 0. Is l a prime number?
True
Suppose -16*d = -25 - 7. Suppose 3*t = 2*t + 4. Suppose -t*f + 1082 = -d*f. Is f composite?
False
Suppose 17*i - 6*i - 13189 = 0. Is i a prime number?
False
Suppose 0 = m + 5*n + 96, 2*n = 2*m + 5*n + 164. Let a = -41 - m. Is a prime?
False
Let b(m) = 4*m**2 - 17*m - 1. Let w be b(-11). Suppose 3*n = 8*n - w. Is n prime?
False
Suppose 5*k - 67959 = -3*b, 2*k - 20030 = 4*b + 7164. Suppose -w = -3*h + 8155, h + w = 6*h - k. Is h a composite number?
False
Let z be 0 + -4 - 42/(-2). Let v = z - 15. Suppose -4696 = -2*a - v*a. Is a a composite number?
True
Let n(h) = 2*h**3 - 11*h**2 - 11*h - 9. Suppose s - 5*s - x + 51 = 0, 2*s - 12 = 4*x. Is n(s) a prime number?
False
Let z(s) = -185*s + 10. Let t be z(-4). Let u = -481 + t. Is u prime?
True
Suppose 3*a - 3 = -6. Let c be (2 + 2 - 5) + a. Let d(y) = 31*y**2 - 1. Is d(c) composite?
True
Let v = 10224 + 3919. Is v prime?
True
Let b(x) = x**2 - x + 1. Let m(i) = 90*i**2 - 2*i + 1. Let h(u) = -4*b(u) + m(u). Is h(1) prime?
False
Suppose z + 650 = 176. Let n = 871 + z. Is n prime?
True
Let b be (3 - 3) + 2465*1. Suppose -5*q + 80 = 5*q. Is -4 - b/(3 - q) composite?
True
Suppose -271 = -2*p - 5*i, -4*p + 826 = 3*i + 249. Suppose 4*f - p = -640. Let x = -46 - f. Is x a prime number?
False
Let f(n) = 2068*n + 15. Is f(2) a composite number?
True
Suppose -4*m + 16044 = -3*q - q, q - 8010 = -2*m. Is m a prime number?
True
Let j be (1 + (-24)/15)*-8795. Is j/9*(-2 + 1)*-3 prime?
True
Is ((-2)/6)/((-15)/29205) prime?
False
Suppose -2*c = 4*p - 5*c - 1910, -2*c + 962 = 2*p. Is p a prime number?
True
Let i be (-165)/(-22)*(-4)/(-6). Suppose 0 = -3*p - i*t + 408 + 482, 3*t + 320 = p. Is p composite?
True
Let j be (20/(-15))/((-1)/12). Let d = 18 - j. Suppose d*o - 5 = 105. Is o a prime number?
False
Let r(j) = -206*j**2 - 5 + 0 + 207*j**2. Suppose 4*m + m + 25 = 0, 3*t + 2*m = -34. Is r(t) a composite number?
False
Is (1493777/(-86))/((-1)/2) composite?
False
Su